+ 354. What are the prime factors of i?
2, 5, 19
Suppose 0 = -3*p + 2 + 10. Suppose 4*w = 7*h - p*h - 431, -2*w - 4 = 0. List the prime factors of h.
3, 47
Let c(r) be the second derivative of 1/12*r**4 + 2*r + 0 - 5/3*r**3 - 9/2*r**2. What are the prime factors of c(11)?
2
Suppose 2*k - k = -4*n - 263, 2*n + k = -133. List the prime factors of -291*(n/15 - -4).
97
List the prime factors of 125/25 + (6498 + -2)/2.
3253
Suppose 1650 + 341 = 2*n - 3*z, 4*n - z - 3987 = 0. List the prime factors of n.
997
Let p = -1375 - -2032. List the prime factors of p.
3, 73
Let h(l) = 1138*l + 228. List the prime factors of h(4).
2, 5, 239
Let h(m) = -4*m - 11 + 2 + m + m**2. List the prime factors of h(-5).
31
Let x = 290 + -174. Let w = -68 + x. What are the prime factors of w?
2, 3
Suppose -4*y + 40 = y. Let x(m) = 15*m - 1. List the prime factors of x(y).
7, 17
Suppose 4*g + 0*g = 5*d + 1778, -4*g - 2*d + 1764 = 0. List the prime factors of (-2)/(-4)*(g + -8).
7, 31
Let c(n) = -5*n**3 + n**2 - 18*n - 1. List the prime factors of c(-4).
11, 37
Suppose -4*r + 32 = 2*m, -3*m - 8 = -2*r - 0*m. List the prime factors of r.
7
Suppose -5*q = -8 + 23. Let f be (84/(-1))/q - -3. Suppose -2*g = -3*x - 53, 0 = -g - 3*x + f - 9. What are the prime factors of g?
5
Let p(u) = -106*u - 4. Let c be p(-4). Suppose 0 = 5*n + k - c, 4*k - 3*k + 430 = 5*n. Let m = -50 + n. List the prime factors of m.
5, 7
Let b be (-2)/15 - (-153)/135. Let g be ((0 - 76) + 2)/b. Let y = 118 + g. What are the prime factors of y?
2, 11
Let f be 0 + 25 + 2*-1. Let k(l) = -l**3 + 4*l**2 - 3*l + 1. Let v be k(4). Let q = f + v. List the prime factors of q.
2, 3
Let z(i) = i**2 + 3*i - 12. Let r be z(4). Let u = 32 + r. List the prime factors of u.
2, 3
Let d = -119 + 322. What are the prime factors of d?
7, 29
Let a be 4/5*25/14*7. Suppose -212 = -a*q + 1468. What are the prime factors of q?
2, 3, 7
Let z = 14 + -12. Suppose -421 = -3*t + p, -z*p = -6*p - 4. List the prime factors of t.
2, 5, 7
Let a = -27 - -23. List the prime factors of a/(-3)*222/4.
2, 37
What are the prime factors of -74*(90/(-5) + -1)?
2, 19, 37
Let j be ((-10)/(-5))/((-4)/346). Let q = 305 + j. List the prime factors of q.
2, 3, 11
Suppose 4*k - 4*d - 1860 = 364, -4*k + 2224 = 5*d. List the prime factors of k.
2, 139
Suppose 5*t + 28 = 83. Let k = 102 - t. Let l = -54 + k. List the prime factors of l.
37
Let l(w) = -w**2 + 46. Let o be l(0). Suppose -q = -19 - o. List the prime factors of q.
5, 13
Let x = -50 - -53. What are the prime factors of x + 276 - 4 - -1?
2, 3, 23
Let n(y) = 4*y**2 - 2*y + 2. Let l be n(2). Let k be 4/22 + ((-606)/66 - 0). Let q = k + l. What are the prime factors of q?
5
Suppose -920*g = -904*g - 74224. List the prime factors of g.
4639
Suppose 4*q - 845 = g - 229, 5*q + 2*g = 757. List the prime factors of q.
3, 17
Suppose -2*w - 13719 = -5*t, -3*t - 4274 = -2*w - 12507. What are the prime factors of t?
13, 211
Let a(m) = 15*m + 2 + 11*m - 6*m - 52*m. What are the prime factors of a(-8)?
2, 3, 43
Suppose -6329 = -2*i - 7*f + 4*f, -i - f + 3166 = 0. List the prime factors of i.
3169
Let m(b) = -8 - 2 + 8*b + 16 + 2*b. Suppose 4*l - 7*l + 12 = 0. What are the prime factors of m(l)?
2, 23
Let w = -1145 - -1391. List the prime factors of w.
2, 3, 41
Let t be (-12)/(-5)*(-2)/(-20)*25. What are the prime factors of 26328/108 + t/27?
2, 61
Let o be (-18750)/(-36) - (-2)/(-24)*-2. Let v = o - 350. What are the prime factors of v?
3, 19
Let m(s) = -s**3 - 4*s**2 + 5*s - 3. Let h be m(-5). List the prime factors of (2/h)/((-2)/207).
3, 23
Let f = 1 - 4. Let w be f + (3 - (-4)/2). Suppose y - m - 23 = 0, 3*y - 78 - 1 = -w*m. What are the prime factors of y?
5
Let u(k) = 30*k**2 - 2*k + 5. List the prime factors of u(2).
11
Suppose 30 = -3*k + 3*w, -3*k + 2*w = 2*k + 35. Let m(s) = 7 + s**3 + 0*s**2 - 4*s**2 - 2*s**3. List the prime factors of m(k).
2
Let j(k) = -k**3 - 7*k**2 - 4*k + 12. Let s be j(-6). Suppose -17 = -4*z + 15. Suppose -y + 2*y - z = s. What are the prime factors of y?
2
Suppose 4*b + 26 = 2*y, -b + 0*b + 32 = 3*y. Let i = y + -3. Suppose i*w - 3*w - 27 = -3*z, -7 = -5*w + 2*z. What are the prime factors of w?
3
Let g(q) = q**3 - 10*q**2 - 4*q + 14. Let m be g(10). Let z = m + 69. What are the prime factors of z?
43
Let z(m) = -374*m - 44. Let q(f) = 25*f + 3. Let h(o) = -44*q(o) - 3*z(o). List the prime factors of h(1).
2, 11
Let l be (-270)/2*(-13)/39. List the prime factors of 70/(-3)*l/(-10).
3, 5, 7
Suppose 3*y - 2*x - 4622 = 0, -671 = -y + 4*x + 883. List the prime factors of y.
2, 769
Let i be ((-24)/5)/(2/(-10)). Let o = i + -28. List the prime factors of (o/(-3))/((-8)/(-372)).
2, 31
Let y = 1099 - 630. Let c = y + -207. What are the prime factors of c?
2, 131
Let o = -1149 + 1971. What are the prime factors of o?
2, 3, 137
Let c be 4/10 + (1164/(-15))/(-1). Let m = 148 - c. List the prime factors of m.
2, 5, 7
Let v(o) = -o**2 - 8*o - 2. Suppose -2*r + 11 = -q, -q + r + 1 = 5*r. Let y be v(q). Suppose -2*s + y*s - 36 = 0. List the prime factors of s.
2, 3
List the prime factors of 1 - -122 - (88/11)/4.
11
What are the prime factors of (-897)/(-5) - (-14)/(-35)?
179
Let j(v) = -v**2 + v - 5. Let n be j(0). Let c(m) = 4*m**2 + 10*m + 1. What are the prime factors of c(n)?
3, 17
Let q be (-4 - -3)/(2/(-14)). Let p(o) = o**3 - 8*o**2 + 9*o - 8. Let c be p(q). Let z(y) = y + 2. List the prime factors of z(c).
2
Let w(o) = 16*o + 38. Let y be w(12). Suppose -y + 65 = -3*r. List the prime factors of r.
5, 11
Suppose -5*n - g = -8240, -2*n + 6*n - 4*g - 6568 = 0. List the prime factors of n.
3, 61
Let h(t) = 39*t - 57. List the prime factors of h(7).
2, 3
Let s(y) = -y**3 + 4*y**2 - 7. Let f be s(3). Suppose 0 = f*u + 4 - 14. Suppose 2*q + 3*q - m - 248 = 0, -u*m - 90 = -2*q. What are the prime factors of q?
2, 5
Let i(a) = 53*a - 1. Let h be i(1). Suppose d + d = 4*x - h, -d = 3*x + 31. Let p = d - -85. What are the prime factors of p?
3, 19
Suppose 65*y - 8474 = 46*y. List the prime factors of y.
2, 223
Let j be (-3 + 0)/((-11)/((-1540)/(-15))). What are the prime factors of ((-18)/7)/((-4)/j) + -2?
2
Suppose 18*s = 23*s. Suppose 189 = 3*t - 2*c, s*t + 2*t - 2*c = 128. List the prime factors of t.
61
Let x = 1287 - 503. What are the prime factors of x?
2, 7
Suppose -6*f + 3*k = -f - 47, -3*k = f - 13. Suppose l + 2*i = i + 51, 5*i - f = 0. List the prime factors of l.
7
Let y(j) be the first derivative of j**3/3 - j**2 - 17*j + 34. List the prime factors of y(-8).
3, 7
Let m(b) be the first derivative of 71*b**3/3 - b + 11. What are the prime factors of m(-1)?
2, 5, 7
Let c be (104/6)/((-6)/(-9)). What are the prime factors of 2 + -3 + 4 + c?
29
Let q(r) = -3*r**2 + r. Let u be q(-1). Let m be (4/u)/(3/(-6)). Suppose -m*j + 29 = -1. List the prime factors of j.
3, 5
Suppose -3*j + 51 + 39 = 0. Suppose j = u + 2*u. Let a(z) = -z**2 + 12*z. What are the prime factors of a(u)?
2, 5
Let a = 70 - 59. Suppose a*h - 51 = 10*h. What are the prime factors of h?
3, 17
Let c(s) = s**3 - 11*s**2 + 16*s + 31. What are the prime factors of c(12)?
367
List the prime factors of ((-4)/12)/((-2)/2544).
2, 53
Suppose -2*q - 24 + 30 = 0. Suppose -q*p + 4*d = -7*p + 252, -5*p + 311 = 4*d. What are the prime factors of p?
59
Let z be (-6 - (1 - 2)*2)/(-2). Suppose 5*o = 3*y - 0*y - 262, -3*y + z*o = -265. What are the prime factors of y?
89
Let b be (-4)/(-8) - 55/(-10). Suppose -b*v = -4*v - 142. What are the prime factors of v?
71
Let o = 27 + -23. Suppose o*f - 64 = 28. List the prime factors of f.
23
Let h(q) = q**3 - 3*q**2 - 4*q. Let j be ((-1)/(-3))/((-2)/(-24)). Let b be h(j). Suppose m - l - 3*l - 3 = 0, b = m - 2*l - 3. What are the prime factors of m?
3
Let c be (-2 + 1)/(4/764). Let w = c + 284. Let x = w + -27. List the prime factors of x.
2, 3, 11
Let p = 106 + -112. List the prime factors of p*5/10*-2.
2, 3
Let u = 9 + -9. Suppose u = 3*q - 2*q - 49. Suppose 5*o - 1 - q = 0. What are the prime factors of o?
2, 5
Let x(b) = -15*b - 14. Let y(o) = o - 2. Let a be y(-4). What are the prime factors of x(a)?
2, 19
Let n = 918 - -386. List the prime factors of n.
2, 163
Suppose j + 11 - 147 = 3*t, -j + 134 = -t. List the prime factors of j.
7, 19
Suppose -5*r + 70 = 4*v, -v + 19 = 2*r - 0*r. L